 digit of a?
1
Let y = -2681 - -5573. What is the tens digit of y?
9
Let z(k) = k**3 + 35*k**2 + 36*k + 102. What is the units digit of z(-34)?
4
Let x(q) be the first derivative of q**3/3 + 5*q**2/2 + 2*q - 8. Let z be x(-5). Suppose 5*u - z*g = 15 + 69, -2*u = g - 30. What is the units digit of u?
6
Let x(h) = h**3 - 10*h**2 - 9*h - 27. Let c be x(11). Let t(p) = 8*p**2 - 7*p. What is the units digit of t(c)?
5
Suppose -x + 780 = 3*g, -3*g - 3*x + 610 + 164 = 0. What is the hundreds digit of g?
2
Let d(a) = -a**3 - 11*a**2 - 11*a - 11. Let f be d(-10). Let o be (117 + 3 + f)*1. Suppose 3*j - 2*x - o = 3*x, -x = -5*j + 191. What is the units digit of j?
8
Let z(j) = -j**3 + 39*j**2 - 45*j + 354. What is the units digit of z(35)?
9
Let y = -26 + 5. Let h = y - -99. What is the units digit of h?
8
Let y(x) = -4*x - 3. Let u be y(11). Let h(r) = r**3 - 11*r**2 - r - 8. Let c be h(11). Let b = c - u. What is the tens digit of b?
2
Let v be 32*(1 + 3/(-2)). Let z(f) = f**2 + 11*f - 22. What is the tens digit of z(v)?
5
Let i(a) = -3. Let v(k) = k + 12. Let z(u) = 9*i(u) + 2*v(u). Let n be z(2). What is the tens digit of 3 + n + 6 - -2?
1
Let l(i) be the third derivative of -13*i**4/8 - i**3/3 + 3*i**2. Let t be l(-3). Suppose 0*f - k + 37 = f, 3*f + 5*k - t = 0. What is the tens digit of f?
3
What is the hundreds digit of (-11082)/(-36)*2 + 8/(-12)?
6
Let r(u) = 2*u**2 + 8*u + 9. Let k be r(-4). Let a = k - 17. What is the tens digit of ((-12)/(-10))/(a/(-220))?
3
Suppose 0 = 4*z + 3*m + 3, z - 4*m - m - 5 = 0. Let o(h) = h**2 - h + 18. What is the units digit of o(z)?
8
Let h(c) = 13*c + 296. What is the tens digit of h(6)?
7
Suppose 0 = -13*o + 136 + 540. What is the tens digit of o?
5
Let f(y) = -59*y - 28. Let l be f(-10). Suppose 2*p + 0*p = 4*u - l, 2*p = -4*u + 542. What is the hundreds digit of u?
1
Let s be (48/(-10) + 2)*-15. Suppose -j + 4*j - s = 0. What is the units digit of j/(-7) + 23*1?
1
Suppose 21 = -5*w + 91. Let u = w - -51. What is the tens digit of u?
6
Let u be 3/(-6)*(1 + 11). Let k(h) = -2*h - 5*h + 3*h + 16 - 3 - h. What is the tens digit of k(u)?
4
Let l be 60/(2 - -2) - 3. Suppose -412 = 4*q + l. Let n = -68 - q. What is the units digit of n?
8
Let a be 7/((-70)/4) - 27/(-5). Suppose -2*p - j + 3*j + 330 = 0, -p + 147 = a*j. What is the hundreds digit of p?
1
Let q(k) = -2*k**3 - 2*k**2 - 4. Suppose 2*d + 5*c - 14 = 0, 3*c - 11 - 13 = 4*d. Let u be q(d). Let i = u - 11. What is the tens digit of i?
2
What is the tens digit of (2 - 6) + -21 + 1030?
0
Let l be 48/6 - (-2)/2. Suppose 38 = s + l. Let p = 89 - s. What is the tens digit of p?
6
Let h be (-410)/(-8) - (-2)/(-8). Suppose -6*o = -15 - 15. Suppose -191 = -o*g - h. What is the tens digit of g?
2
What is the tens digit of -447*(-203)/63 - 3/9?
4
Let y(t) = 2*t - 5. Let v be y(24). Suppose 5*z - v = 72. What is the tens digit of z?
2
Let g(d) = -95*d + 44*d + 49*d + 4. Suppose -4*j + 0*k - 5*k = 34, -j - 2*k - 7 = 0. What is the units digit of g(j)?
6
Suppose 23*a = -19*a + 42714. What is the units digit of a?
7
Suppose 4*m - 28 - 54 = -5*n, -2*m + 14 = n. Suppose -n - 54 = -4*a. Let r = a + 9. What is the tens digit of r?
2
Suppose 5*g + 5*m - 8915 = 0, -4*g = 70*m - 73*m - 7097. What is the hundreds digit of g?
7
What is the tens digit of 10/(-10)*((-1)/(-1) - 236)?
3
Let q be (-7 + 7)/(0 + 1). Suppose 2*s = -l - q*s + 4, -4 = l + 4*s. What is the units digit of l?
2
Let v(f) = 5*f - 15. Let c be v(-9). Let l = 108 + c. What is the units digit of l?
8
What is the tens digit of 10*(117/6)/((-15)/(-44))?
7
Let s = 39 - 34. Suppose -h + 4*h - 2*c = 111, -s*h - 3*c + 166 = 0. What is the units digit of h?
5
Let k be -4 - -24 - (-1 + 2 + 0). Let x(l) = l**2 - 14*l + 3. What is the units digit of x(k)?
8
Suppose 3*i = 5*f - 40, -5*f + 5*i = -0*f - 50. Suppose 2*z - c - 190 = 0, f*z - 4*c = c + 475. What is the tens digit of z?
9
What is the tens digit of (7038/(-12))/((-27)/(-12) - 3)?
8
Suppose 32*y + 9181 - 26173 = 0. What is the units digit of y?
1
Suppose -4*x - b + 5*b = 88, 5*x + 114 = 3*b. Let j = x - -26. Suppose -5*t - 104 = -4*m, -5*m - 5*t + j*t + 130 = 0. What is the units digit of m?
6
Suppose 4*t - 4061 - 903 = 0. What is the tens digit of t?
4
Suppose -2*m + 3253 = -5*b + 626, -m - 4*b = -1281. What is the tens digit of m?
0
What is the tens digit of (-12735)/54*-3*2?
1
Suppose 4*y + 4*o - 158 = o, 0 = -y + 5*o + 28. Let p be y/((-3)/2 - -2). Let a = -43 + p. What is the units digit of a?
3
Let s be (-2 - -4)/((-7)/14). Let l(r) = 7*r**2 - r - 3. Let z be l(s). Suppose -z = -3*h + 55. What is the units digit of h?
6
Let v be (606/15)/((-7)/35). Let m = v + 353. What is the tens digit of m?
5
Let a = -4 - -5. What is the tens digit of (-2 - -25) + 6/(a - 3)?
2
Let c(g) = 19*g**2 + 21*g - 21. What is the tens digit of c(-8)?
2
Let a = 575 + -349. What is the units digit of a?
6
Suppose 0 = -x - 2*u + 35, 2*x = 6*x + u - 168. Suppose 4*c - x = -q, 0*q + 2*q - 2*c - 116 = 0. What is the tens digit of q?
5
Suppose 23*a = 31*a - 9384. What is the hundreds digit of a?
1
Let j = 47 - 34. Suppose -5*h - 1 + 11 = 0, 4*k = -5*h + 30. Suppose k*q - j - 102 = 0. What is the units digit of q?
3
Let s = -207 - -227. What is the units digit of s?
0
Suppose 0 = 2*q - 5*q + 45. Suppose p + 26 = -q. Let o = p - -102. What is the units digit of o?
1
Let t(f) = f**3 + 8*f**2 - 2*f - 6. Let j be t(-8). Let n = 176 + j. Let b = n - 128. What is the tens digit of b?
5
Let x = -38 + 53. Let d = -23 + x. Let h = 34 + d. What is the tens digit of h?
2
Let x = -20 - -99. Let g = -46 + x. What is the tens digit of g?
3
Suppose 5*l - 17 - 8 = 0. Suppose 3*s - 5 = -5*a, 4*s - l = 3*a - 8*a. What is the tens digit of (15/(-1))/(s + -1)?
1
Let u = 1430 - 518. What is the tens digit of u?
1
Let a be ((-24)/(-9))/(7 + (-57)/9). Suppose 3*u - 4*r - 24 - 14 = 0, -5*u + 55 = -5*r. What is the tens digit of 28/a*u/3?
1
Let o = 3308 + -1022. What is the hundreds digit of o?
2
Let l be -20*(-2)/12*3. Let h = -7 + l. Suppose 0 = -2*s - h + 99. What is the units digit of s?
8
Let u(c) be the second derivative of -c**5/60 - c**4/8 + c**3/2 - 3*c. Let l(j) be the second derivative of u(j). What is the tens digit of l(-14)?
2
Let x = 20 + -38. Let w = x - -12. What is the units digit of (-774)/12*4/w?
3
Let y(a) = -2*a**2 + 18*a + 2. Let l be y(9). Suppose 3*d - 178 = -d + l*n, -n - 44 = -d. What is the tens digit of d?
4
Let a = 2111 - 1173. What is the tens digit of a?
3
Let d = 10 - 14. Let k = 36 + d. What is the tens digit of k?
3
Let r = 3 - 4. Let p be r + 12/4*-5. Let k = -14 - p. What is the units digit of k?
2
Let y(p) = 3*p**2 - 2*p - 1. Let v be y(-1). Suppose 0 = -5*i + v + 51. Suppose i = 2*t - m, -2*t + t - 4*m + 19 = 0. What is the units digit of t?
7
What is the hundreds digit of (-3)/5 - (4 + (-9294)/15)?
6
Suppose 4*k + 4*p + 298 = 1718, 4*p + 1775 = 5*k. What is the units digit of k?
5
Let h = -772 + 1135. What is the hundreds digit of h?
3
What is the hundreds digit of (-5)/((15/615)/(-4 - 1))?
0
What is the hundreds digit of (112/35)/(9*10/57825)?
0
Let m(t) = -t**3 + 35*t**2 - 5*t + 9. What is the hundreds digit of m(32)?
9
Let r be 36/(-27)*(-3)/(-2). What is the hundreds digit of (-202)/2*(1 + r)?
1
Let y = -11 - -84. Suppose -5*f = -78 + y. What is the units digit of f?
1
Let j = -63 - -59. What is the tens digit of 1250/35 - 3 - j/14?
3
Let c = 4849 - 124. What is the units digit of c?
5
Let i(p) = 6*p + 33. Let a be i(-6). Let n be a/(0 - 12/364). Suppose 3*b - c - 109 = 55, 0 = 2*b + 3*c - n. What is the tens digit of b?
5
Let o(i) = -81*i - 38. What is the units digit of o(-5)?
7
Let m = -41 + 294. What is the tens digit of m?
5
Let d = 184 - 104. What is the tens digit of d?
8
Let k(d) = -126*d - 8. Let z be k(3). What is the tens digit of z/(-2)*(-5)/(-5)?
9
Suppose -8 - 1 = 3*i + 3*u, -2*i + 4*u - 18 = 0. Let n = i + 15. Let s = n + -3. What is the units digit of s?
7
Let s(x) = x + 2. Let p be s(0). Let m be 6/((21/p)/(-7)). What is the tens digit of (m/(-5))/(1/40)?
3
Suppose 0 = a + a + 3*d - 177, 5*a - 3*d - 474 = 0. Suppose 24 = -3*c + a. What is the units digit of c?
3
Let c be 0 - 0 - 3 - 15. Let q = -13 - c. Suppose 18 = -q*n + 83. What is the tens digit 